number?
False
Is 2171277743 composite?
False
Is 834900081 a prime number?
False
Is 55977469 prime?
False
Is 109528757 composite?
True
Is 60362129761 a prime number?
True
Is 73471405067 a composite number?
False
Is 20981863 a composite number?
True
Is 11950297649 a composite number?
False
Is 4117827111 composite?
True
Is 30457052807 a prime number?
False
Is 320102254553 composite?
True
Is 6941063813 a composite number?
False
Is 823885181 a prime number?
False
Is 2054726741 composite?
False
Is 2482025509 a composite number?
True
Is 11669100497 a composite number?
True
Is 889566763 a prime number?
False
Is 3563780443 prime?
False
Is 2238167783 a prime number?
False
Is 167553762377 a composite number?
False
Is 787537591 a composite number?
True
Is 9013995203 a composite number?
False
Is 1603408733 a composite number?
False
Is 20573891101 a composite number?
False
Is 202996831 composite?
False
Is 3586128071 a prime number?
False
Is 165578007503 composite?
False
Is 2507412685 prime?
False
Is 1101647479 a composite number?
True
Is 99583504283 composite?
True
Is 4206003797 a composite number?
True
Is 6904302254 a composite number?
True
Is 12886014451 a composite number?
True
Is 455882159 a prime number?
False
Is 2628106259 a prime number?
True
Is 18607081673 a composite number?
True
Is 7745602759 a prime number?
True
Is 33690737219 a prime number?
False
Is 199649219567 prime?
False
Is 171043418237 a prime number?
True
Is 4013065643 a prime number?
False
Is 4409471974 a composite number?
True
Is 8556416287 a prime number?
True
Is 1480902359 composite?
False
Is 8400401231 composite?
False
Is 40000297063 a prime number?
False
Is 4959212437 composite?
False
Is 51975611 prime?
True
Is 116191339897 a composite number?
True
Is 1046777461 a composite number?
True
Is 4174550531 composite?
True
Is 32807962279 a prime number?
True
Is 17548258283 a prime number?
True
Is 6220234807 prime?
True
Is 58509397 prime?
False
Is 14561673745 a prime number?
False
Is 17712309119 a prime number?
True
Is 21958778641 prime?
False
Is 1830068447 a composite number?
False
Is 2488179457 composite?
False
Is 569873027 a prime number?
True
Is 1055665363 a composite number?
True
Is 98954186393 composite?
False
Is 15750058823 a composite number?
True
Is 45356241011 a composite number?
False
Is 836256167 prime?
True
Is 4213446563 a composite number?
False
Is 208478981 composite?
True
Is 90092861611 composite?
False
Is 16997332663 composite?
True
Is 13347480301 prime?
True
Is 294778931 prime?
True
Is 19840271723 prime?
True
Is 10257685723 a prime number?
True
Is 1148817611 a prime number?
False
Is 404904007 a prime number?
False
Is 8031717299 a composite number?
False
Is 405891329 a composite number?
True
Is 6025966079 composite?
True
Is 28428947297 prime?
True
Is 45182387321 composite?
False
Is 52740521 composite?
False
Is 13388729 a composite number?
True
Is 54279943 a composite number?
True
Is 17450727433 prime?
True
Is 25295473361 a composite number?
False
Is 22942295303 composite?
True
Is 4018141049 composite?
True
Is 439859909 composite?
False
Is 300437497 composite?
False
Is 3776649731 a composite number?
False
Is 24391649011 prime?
False
Is 1064429767 a prime number?
False
Is 3982962629 composite?
False
Is 1129723697 a composite number?
True
Is 12100517371 a prime number?
False
Is 1036945253 composite?
False
Is 1336470119 a prime number?
True
Is 953730607 a prime number?
False
Is 13343747407 composite?
True
Is 424300003 a composite number?
True
Is 50764041593 composite?
True
Is 7009405021 a composite number?
True
Is 5023125461 a prime number?
True
Is 14703832159 composite?
True
Is 207891225631 a composite number?
True
Is 73143308429 a prime number?
True
Is 5440289411 composite?
True
Is 5625220862 composite?
True
Is 190716793 a composite number?
True
Is 878198827 prime?
False
Is 68780317211 a composite number?
False
Is 7064892539 a composite number?
False
Is 5500457419 a prime number?
False
Is 113358928681 a prime number?
False
Is 2259259511 composite?
True
Is 1371749111 prime?
True
Is 90934333 a prime number?
False
Is 45679677451 a composite number?
True
Is 57021579751 a composite number?
False
Is 2200864667 a composite number?
False
Is 36834771217 prime?
True
Is 148707441943 a composite number?
False
Is 14605092209 composite?
True
Is 325480993 a prime number?
False
Is 2820179794 a prime number?
False
Is 1484819207 a composite number?
False
Is 3576239483 a prime number?
True
Is 17609330861 prime?
False
Is 408166559 composite?
True
Is 329357731627 prime?
True
Is 6243246881 prime?
True
Is 228603989 prime?
False
Is 666945473 a prime number?
True
Is 22678492901 a prime number?
False
Is 4015148833 prime?
False
Is 2190408377 a prime number?
True
Is 23326357 a composite number?
True
Is 52246017373 composite?
True
Is 288304321 prime?
False
Is 76678448719 prime?
True
Is 16459562143 a prime number?
False
Is 2273980351 composite?
False
Is 1358572627 a composite number?
False
Is 8263078 a prime number?
False
Is 1734981007 a prime number?
True
Is 7938189041 a composite number?
False
Is 1907189749 a prime number?
False
Is 5149782406 prime?
False
Is 6762039343 a composite number?
True
Is 269255993 a prime number?
False
Is 5808700207 composite?
True
Is 1373942137 prime?
True
Is 3297430219 a composite number?
False
Is 9170917253 composite?
True
Is 1379789009 a prime number?
True
Is 63451029763 composite?
True
Is 8101461374 prime?
False
Is 278810483 prime?
False
Is 3903241357 prime?
False
Is 2057293549 composite?
True
Is 4603685753 a composite number?
False
Is 6316316293 prime?
False
Is 4762186255 composite?
True
Is 7627950719 a prime number?
False
Is 1059490801 a composite number?
False
Is 219439461 a composite number?
True
Is 3235667771 prime?
False
Is 819319247 prime?
False
Is 27299 composite?
False
Is 5553302401 a prime number?
True
Is 65568552841 composite?
True
Is 3229964063 composite?
False
Is 1473027667 a composite number?
False
Is 406238629 a prime number?
True
Is 8041962593 prime?
False
Is 10045780337 composite?
True
Is 37685212127 a prime number?
True
Is 2933599 composite?
True
Is 78532575609 a prime number?
False
Is 69764633 composite?
True
Is 435395437 a composite number?
False
Is 3937890539 a prime number?
False
Is 1996349461 prime?
True
Is 9147584891 a composite number?
False
Is 48675281 prime?
False
Is 161162063 composite?
True
Is 1983106577 a prime number?
True
Is 7708974451 a prime number?
False
Is 8797457923 composite?
False
Is 16107395489 a prime number?
False
Is 4900990837 prime?
False
Is 6375361 a composite number?
False
Is 63086031614 composite?
True
Is 193449257 a composite number?
False
Is 42835362887 prime?
False
Is 300969733 a composite number?
False
Is 3933539969 a composite number?
True
Is 617869297 prime?
True
Is 35198113393 composite?
False
Is 96225234737 composite?
True
Is 7339088307 prime?
False
Is 7189887743 a composite number?
False
Is 152268331 prime?
True
Is 3176754809 prime?
False
Is 1092458597 composite?
False
Is 1089307207 a prime number?
False
Is 540439589 prime?
True
Is 20046689627 a prime number?
False
Is 86462205257 a prime number?
True
Is 1067765393 prime?
False
Is 37297908229 a composite number?
True
Is 1631302951 a composite number?
False
Is 77654354285 a prime number?
False
Is 565120981 a composite number?
True
Is 62783505877 composite?
False
Is 257795051 prime?
True
Is 982355783 prime?
False
Is 5392133147 a prime number?
True
Is 50962174283 prime?
False
Is 4889667281 a prime number?
True
Is 14456101073 composite?
False
Is 3025475027 composite?
False
Is 2419264667 composite?
True
Is 293701013 composite?
True
Is 29522625701 a composite number?
False
Is 468363859 prime?
True
Is 37214733467 prime?
True
Is 1342595897 prime?
False
Is 12303608987 composite?
False
Is 162362971 a composite number?
True
Is 21247851431 a prime number?
True
Is 42401979497 composite?
True
Is 892577167 prime?
False
Is 50340278293 a composite number?
True
Is 316109903 composite?
False
Is 114665062103 a composite number?
False
Is 49504230085 a composite number?
True
Is 955991249 prime?
True
Is 1887921499 a prime number?
False
Is 6461573687 composite?
False
Is 2137709929 a prime number?
False
Is 24567536801 prime?
True
Is 1791541471 composite?
True
Is 47152729331 a composite nu